the greatest common factor of 270 and 126738.
54
Calculate the greatest common factor of 35642 and 936206.
142
Calculate the highest common factor of 864 and 573096.
24
Calculate the highest common divisor of 5382 and 176055156.
414
What is the highest common divisor of 6540568 and 46636?
524
What is the highest common divisor of 315136 and 6718798?
2462
Calculate the highest common divisor of 900 and 686300.
100
What is the greatest common divisor of 2325 and 11129775?
2325
Calculate the greatest common factor of 4009008 and 68.
68
Calculate the greatest common factor of 10 and 3103934.
2
Calculate the greatest common factor of 680 and 41921830.
170
What is the highest common factor of 8480 and 46905?
265
Calculate the greatest common divisor of 560 and 61904710.
70
What is the highest common factor of 8839561 and 9621?
1069
What is the greatest common divisor of 7938657 and 207?
207
Calculate the greatest common divisor of 4212 and 49580856.
1404
Calculate the greatest common divisor of 408541150 and 890.
890
Calculate the highest common factor of 1387260 and 6396.
12
What is the greatest common divisor of 297 and 58163193?
99
Calculate the highest common divisor of 85426191 and 216.
27
What is the highest common factor of 944 and 34227316?
236
Calculate the highest common factor of 741960 and 109170.
90
Calculate the greatest common factor of 16033095 and 44460.
585
What is the highest common factor of 374 and 5445542?
34
Calculate the greatest common factor of 31328 and 308296.
712
Calculate the highest common divisor of 6831 and 50421129.
759
What is the greatest common factor of 90 and 4767156?
18
Calculate the greatest common divisor of 25158 and 224.
14
What is the highest common factor of 589 and 61241?
1
What is the greatest common divisor of 55390 and 503730?
290
What is the greatest common factor of 19432 and 41468?
28
Calculate the highest common factor of 60102618 and 4958.
134
What is the greatest common factor of 4345758 and 4800628?
6998
What is the highest common factor of 1351 and 17980459?
1351
Calculate the greatest common divisor of 3486075 and 475.
25
What is the highest common factor of 4173 and 230780703?
321
What is the greatest common divisor of 289502442 and 18?
18
What is the highest common factor of 33 and 221618397?
33
What is the greatest common factor of 14256675 and 2250?
225
Calculate the greatest common divisor of 716814 and 28.
14
Calculate the highest common divisor of 13273273 and 13213.
181
Calculate the highest common divisor of 218799 and 1012.
23
What is the greatest common factor of 82799242 and 658?
94
What is the highest common divisor of 21010574 and 258?
86
Calculate the greatest common divisor of 1139 and 753183113.
1139
Calculate the highest common factor of 9768 and 1189706584.
3256
What is the highest common divisor of 120458 and 2173?
41
Calculate the greatest common divisor of 6362005 and 46475.
845
What is the highest common divisor of 272515 and 140?
5
What is the highest common divisor of 251229 and 324093?
759
What is the highest common factor of 19368059 and 8063?
733
Calculate the greatest common divisor of 7353 and 663904821.
2451
What is the highest common divisor of 83615714 and 546?
182
Calculate the greatest common divisor of 28376 and 11560.
8
What is the highest common factor of 648 and 12905568?
648
What is the greatest common divisor of 1403 and 44036329?
23
What is the greatest common factor of 3058 and 48207980?
278
Calculate the greatest common factor of 61476 and 4131300.
564
Calculate the highest common factor of 51 and 252671.
17
Calculate the greatest common factor of 55 and 206869729.
11
Calculate the greatest common divisor of 1050 and 254247.
21
Calculate the highest common divisor of 279055 and 36260.
245
Calculate the greatest common divisor of 11490 and 674399805.
5745
What is the greatest common factor of 14319 and 4167?
9
Calculate the greatest common divisor of 125166 and 2120.
2
What is the highest common factor of 130 and 323813555?
65
What is the highest common divisor of 1689 and 15870?
3
Calculate the greatest common divisor of 2412 and 770556816.
2412
What is the greatest common factor of 3416 and 27726818?
854
Calculate the highest common factor of 198120 and 1327785.
1905
Calculate the highest common factor of 798375 and 175.
25
What is the highest common divisor of 188685819 and 441?
441
What is the greatest common divisor of 205518586 and 125216?
7826
Calculate the highest common factor of 87747864 and 1032.
1032
Calculate the highest common factor of 1599444 and 616.
308
Calculate the highest common factor of 52485 and 324435.
15
Calculate the highest common factor of 3061006 and 234.
26
What is the highest common factor of 860 and 217103732?
172
What is the greatest common divisor of 449 and 70752073?
449
What is the highest common factor of 143166 and 293394?
642
Calculate the greatest common factor of 85 and 3241271.
17
Calculate the greatest common factor of 285 and 40761690.
15
What is the greatest common factor of 105424071 and 2462?
1231
What is the highest common factor of 746 and 126832309?
373
What is the greatest common factor of 35 and 1062115?
5
What is the greatest common factor of 17048 and 680688?
8
What is the greatest common divisor of 421819 and 19665?
19
Calculate the greatest common divisor of 115176 and 712.
8
Calculate the greatest common divisor of 5841 and 3078009.
99
What is the greatest common factor of 3560 and 24468592?
712
What is the greatest common factor of 1670194782 and 821?
821
Calculate the greatest common divisor of 2624 and 138980160.
2624
Calculate the highest common divisor of 864 and 674200.
8
What is the highest common divisor of 3299868 and 1419?
33
What is the highest common divisor of 4881888 and 255806?
3082
What is the greatest common divisor of 88260568 and 12144?
2024
Calculate the greatest common factor of 28691 and 4546420.
2207
What is the greatest common factor of 448 and 256830784?
448
Calculate the greatest common divisor of 20138247 and 297.
27
What is the greatest common factor of 1903 and 9705127?
173
What is the highest common factor of 407161692 and 504?
252
Calculate the highest common factor of 30000 and 9410.
10
What is the greatest common divisor of 2876665 and 9214?
271
Calculate the highest common divisor of 28 and 42091889.
7
What is the greatest common factor of 121 and 482614?
11
Calculate the highest common divisor of 141715276 and 14656.
916
What is the highest common factor of 479180 and 1180?
20
Calculate the highest common divisor of 1632 and 13072864.
544
Calculate the highest common factor of 9175614 and 4473.
1491
Calculate the greatest common divisor of 4108192 and 80.
16
What is the highest common factor of 2875 and 10555?
5
What is the highest common factor of 14330040 and 45?
15
Calculate the highest common divisor of 190141038 and 634.
634
Calculate the greatest common divisor of 584 and 202480.
8
Calculate the greatest common factor of 820180 and 275540.
460
Calculate the greatest common divisor of 3465 and 6053960.
55
What is the highest common divisor of 10813907 and 4199?
247
What is the highest common factor of 996 and 2693018?
166
What is the highest common divisor of 48 and 7560831?
3
What is the greatest common divisor of 540 and 2058580?
20
What is the greatest common divisor of 64998908 and 2847?
949
What is the highest common factor of 52141258 and 13?
13
What is the highest common divisor of 146560 and 10480?
80
What is the highest common divisor of 308 and 163935079?
77
Calculate the greatest common factor of 102690196 and 1676.
1676
Calculate the greatest common divisor of 960196597 and 1919.
1919
What is the greatest common divisor of 15378 and 716117578?
5126
What is the highest common factor of 428150 and 64?
2
What is the greatest common divisor of 18 and 73735686?
18
What is the greatest common divisor of 64 and 2567992?
8
Calculate the greatest common divisor of 562186 and 62264.
362
What is the greatest common factor of 63781 and 18?
1
Calculate the highest common factor of 1006224 and 144.
48
What is the highest common factor of 373191 and 11739?
273
What is the highest common factor of 28 and 29149386?
14
Calculate the greatest common divis